-u - 4*i. Suppose 5*o + r - 1382 = -3*r, -81*r + 14 = -83*r. What is the highest common factor of o and u?
6
Let l be 20304/1872 + 4/26. Let m(o) = 4*o**2 - 33*o + 2. Let x be m(15). Calculate the highest common divisor of x and l.
11
Let o = 588 - 591. Let n be (-22)/(-77) + 141/21 + o. Suppose -5*r + 5 = -0. What is the highest common factor of n and r?
1
Suppose -99 = -3*b - 93*w + 88*w, -12 = 4*w. Calculate the greatest common factor of 37126 and b.
38
Suppose 2265 = 27*n + 753. Calculate the highest common divisor of 1078 and n.
14
Suppose -2*u + u + 7 = 0, 2*u = 5*s - 36. Calculate the greatest common divisor of s and 30.
10
Suppose 5*w - 48 = s, -6*w + 7*w + 2*s - 3 = 0. Suppose -3*t + t + 5*m + w = 0, -5*t + 4*m = -48. What is the highest common divisor of 18 and t?
6
Let b(r) = -2*r**2 + 11*r + 2. Let n(w) = -w**3 + 10*w**2 - 9*w + 5. Let s be n(9). Let t be b(s). Calculate the highest common divisor of 35 and t.
7
Let p = 60 - 50. Let g(y) = -p*y**2 - 738*y + 2*y**2 + 31 + 749*y - y**3. Let j be g(-9). Calculate the greatest common factor of 65 and j.
13
Let q(v) = v**2 - 95. Let g be q(-10). Suppose -5*d + 5*m + 60 + 180 = 0, 5*d + g*m = 280. What is the highest common factor of d and 4?
4
Suppose -411 = -3*h + p, -h - 44*p = -47*p - 153. Calculate the greatest common factor of 30 and h.
15
Let v be 1156/8*((1 + -8)/1 - -9). Calculate the highest common divisor of v and 459.
17
Let l be (112/(-24) - -5) + (0 - 30205/(-15)). Calculate the highest common divisor of 38 and l.
38
Let y = 2649 - 2643. Calculate the highest common factor of 1410 and y.
6
Let d = -8856 - -9431. Calculate the highest common factor of d and 225.
25
Let d be -1*((1 - 42) + -2). Let x(p) = -7*p**2 - 300*p + 2795. Let a be x(-49). What is the highest common factor of a and d?
43
Suppose -106*c = -30*c - 81092. What is the highest common factor of 44 and c?
11
Suppose 1712 = -81*h + 84*h - 2*c, c - 564 = -h. Let y = h - 522. Calculate the highest common factor of 2 and y.
2
Let m(h) = 6*h + 2. Let o be m(3). Let k = -3636 - -3648. Calculate the greatest common factor of k and o.
4
Suppose 10 = 6*g - 50. Let z = g - 10. Suppose z = -4*u - 9*u + 78. What is the highest common factor of 15 and u?
3
Let h(c) = -5*c + 185. Let u = -451 - -482. Let l be h(u). Calculate the highest common divisor of l and 42.
6
Let y = -14 + 23. Suppose 3*x + 8 = 2, 0 = m - 5*x - 15. What is the highest common divisor of m and y?
1
Let g(s) = 11*s**2 + 49*s + 41. Let l be g(-4). Suppose 0 = -w + 4, 3*i - 5*w - 1177 = -0*w. What is the greatest common factor of l and i?
21
Let l = -21113 - -21204. Calculate the greatest common divisor of 21 and l.
7
Let z(w) = 35*w + 294. Let v be z(-8). Let y(n) = n**2 - 4*n + 4. Let k be y(5). Suppose k*a = v*a - 50. What is the greatest common factor of a and 10?
10
Suppose 1116 = 136*a - 516. Calculate the greatest common divisor of a and 2148.
12
Let o = -1529 + 1608. What is the greatest common divisor of 6 and o?
1
Let j(n) = 3*n**3 + 23*n**2 + 12. Let z be j(-7). Calculate the highest common factor of z and 620.
10
Let n(v) = -v**2 - 11*v - 18. Let d be n(-4). Let y be (4/20)/(2/d). What is the greatest common divisor of 8 and y?
1
Let d(v) = 22*v**2 + 22*v**2 + 34 - 52*v**2 + 12*v**2 + 6*v. Let l be d(-4). What is the greatest common divisor of l and 74?
74
Let y be ((-16)/(-36))/(1/45). What is the greatest common factor of 1660 and y?
20
Suppose 0 = -3663*k + 3461*k + 30300. Calculate the greatest common divisor of k and 3050.
50
Let k = -22652 + 22875. What is the highest common divisor of k and 223?
223
Let l = 39 + 489. What is the greatest common divisor of l and 1144?
88
Let j be -6 + 69 + (0 - (-9)/3). Suppose 4*a + 46 = j. Suppose 0*v + a*v - 85 = -s, 4*s = 5*v + 315. Calculate the greatest common factor of 32 and s.
16
Suppose -13*r = 785 + 14958. Let c be 2 - (r/(-28))/(2/(-8)). Suppose 0 = -5*w + 275 + c. What is the highest common divisor of 36 and w?
18
Let b = -1 + 2. Suppose 0 = 5*r + 5*c - 0*c + 20, 0 = -5*c - 25. Let f be ((-2)/1)/(22/26 - r). What is the greatest common factor of f and b?
1
Suppose -380*r = -470*r + 8730. What is the highest common factor of r and 9797?
97
Suppose -5*m - 155*q = -159*q - 226, 0 = -4*m - q + 164. Calculate the highest common factor of 14364 and m.
42
Let v(x) = -5*x**3 - 4*x**2 - x - 10. Let r be v(-4). Let j = -130 + r. Let m be -8*2*9/(-12). What is the highest common factor of m and j?
12
Suppose -7*s + 16 = -3*s. Suppose 96 = s*h - h. Let i be 9/6*(-112)/(-21). What is the highest common factor of h and i?
8
Suppose -2860 = 23*v - 176*v + 10*v. Let w(o) = 12*o - 7. Let r be w(6). Calculate the greatest common factor of v and r.
5
Let x = 11483 - 7117. Calculate the highest common divisor of x and 222.
74
Let z be 81/108*(1 + 23). Suppose 42 = -10*l + 4*l. Let s(i) = -i**2 - 8*i - 1. Let m be s(l). What is the highest common factor of m and z?
6
Suppose -53 + 11 = 7*i. Let a be -6*(i + 7) - -52. What is the greatest common factor of 207 and a?
23
Let x(u) = 6*u**3 - 5*u**2 + 101*u - 31. Let l be x(12). What is the highest common factor of 663 and l?
221
Let s(x) = 6*x**2 - 4*x + 4. Let r be s(2). Suppose -12*y + r*y - 96 = 0. Calculate the highest common factor of y and 30.
6
Let f(l) = -35*l + 1085. Let j be f(23). What is the greatest common divisor of 680 and j?
40
Let q = 3939 + -3899. Calculate the greatest common factor of 4720 and q.
40
Let k be 24 - (-11 + (14 - 7)). Suppose -2*v = -692 - 512. Calculate the greatest common factor of k and v.
14
Suppose -3*z + 90 = 3*d - 210, d + 4*z = 85. What is the greatest common factor of 630 and d?
105
Let i = 637 + -476. Suppose -3*v + 2*v = -7. Suppose -v*u + i = -0*u. Calculate the greatest common factor of 46 and u.
23
Suppose 13 = 4*w - 19. Suppose 2314*i = 2305*i + 81. Let p be i + (-546)/56 - 201/(-12). What is the highest common divisor of p and w?
8
Let a(o) = o**3 - 23*o**2 - 3520*o - 70. Let b be a(72). Calculate the highest common divisor of 2277 and b.
253
Let v be ((-21)/6 - -3)/((-2)/44). Suppose 4*p - 5*i - 46 = 0, 12*i = p + v*i - 11. What is the greatest common divisor of p and 18?
9
Suppose -b - 25 = -y, 5*b + 2*y + 48 = -63. Let n = b - -29. What is the highest common divisor of n and 48?
6
Let v(m) = -882*m - 5187. Let q be v(-6). Calculate the highest common divisor of 11970 and q.
105
Let m(t) = -2*t**2 + 12*t + 57. Let a be m(9). Suppose a*z = 1099 + 1181. What is the greatest common factor of 38 and z?
38
Suppose -3*a + 9*a - 54 = 0. Suppose -4*g = b - 3*g - 28, 5*b + g = 148. Let u = b - 12. Calculate the greatest common factor of u and a.
9
Suppose 434 + 67 = 3*n + 3*v, 4*n + 2*v = 676. What is the highest common factor of n and 228?
57
Let n = 3020 - 2748. What is the greatest common factor of 8 and n?
8
Let h(l) = l**3 - 39*l**2 - 4*l + 164. Let k be h(39). Calculate the highest common divisor of 3992 and k.
8
Let u be 1*(-2)/(4/(-6)). Let k be 36*-14*u/(-18). Let t = 37 + 19. What is the greatest common factor of t and k?
28
Let j(r) = -3475*r**3 + 29*r + 30. Let w be j(-1). Calculate the greatest common factor of w and 352.
44
Let q = 15125 + -10263. What is the greatest common factor of q and 154?
22
Let n be 1241 + (3 - (2 - 5)). Suppose 1 - 3 = 2*y, 3*t - n = -y. What is the highest common factor of 26 and t?
26
Let g = 81 + -75. Suppose g*o + 1208 = 3002. Calculate the greatest common factor of 13 and o.
13
Let y(r) = -3*r**2 + 52*r - 27. Let w be y(16). Suppose 66*b - w*b - 522 = 0. What is the highest common factor of 8 and b?
2
Let d be (99/(-30)*(5 + 119))/((-8)/20). What is the highest common factor of 744 and d?
93
Let h be 1*1852/(-8) - (-8)/16. Let b = 282 + h. What is the greatest common factor of 85 and b?
17
Suppose 0 = 2*g + 5*i + 11, -4*g - 90*i + 88*i = -18. What is the greatest common divisor of g and 861?
7
Let p = 528 - 527. Let u be (-8 + -29 - 5)*p/(-2). What is the greatest common factor of 168 and u?
21
Let t be (-516)/(-1290) + (-5506)/(-10). Calculate the greatest common divisor of t and 261.
29
Suppose 8 = 2*c - 2. Let f = 813 - 803. Calculate the greatest common factor of f and c.
5
Let c = -2250 - -2298. What is the highest common factor of c and 2352?
48
Let f be ((-16)/(-10) - 